{"id":984,"date":"2016-03-20T21:54:03","date_gmt":"2016-03-20T19:54:03","guid":{"rendered":"http:\/\/www.nauvonkamarimusiikki.fi\/?page_id=984&#038;lang=sv"},"modified":"2017-05-03T09:05:21","modified_gmt":"2017-05-03T06:05:21","slug":"konserter-2016","status":"publish","type":"page","link":"https:\/\/www.nauvonkamarimusiikki.fi\/?page_id=984&lang=sv","title":{"rendered":"Konserter 2017"},"content":{"rendered":"<table style=\"height: 947px;\" border=\"0\" width=\"1080\">\n<tbody>\n<tr>\n<td style=\"width: 80px;\"><strong>Tid<\/strong><\/td>\n<td><strong>Konsert<\/strong><\/td>\n<td><strong>Plats<\/strong><\/td>\n<\/tr>\n<tr>\n<td style=\"width: 80px;\"><strong>torsdag<\/strong><br \/>\n<strong> 6.7.2017<\/strong><br \/>\n<strong> kl. 18.00<\/strong><\/td>\n<td><strong>\u00d6ppningskonsert<\/strong><\/p>\n<p>Angelika Klas, sopran<br \/>\nRoope Gr\u00f6ndahl, piano<\/p>\n<p>J. Sibelius, T. Kuula, O. Merikanto, E. Melartin ja W. Stenhammar<\/p>\n<p>&nbsp;<\/p>\n<p>Biljetter: 20 \u20ac | pension\u00e4rer, studerande och bev\u00e4ring 15 \u20ac |\u00a0under 18 \u00e5r gratis<\/td>\n<td><strong>Nagu kyrka<\/strong><\/td>\n<\/tr>\n<tr>\n<td style=\"width: 80px;\"><strong>fredag<\/strong><br \/>\n<strong> 7.7.2017<\/strong><strong>kl. 18.00<\/strong><\/td>\n<td><strong>I Scwanorgelns \u00a0tonv\u00e4rld<\/strong><\/p>\n<p>Tomi Satomaa, orgel<\/p>\n<p>J. S. Bach,\u00a0A. P\u00e4rt, A. Maasalo, S. Carlsson, K.-E. Gustafsson<\/p>\n<p>&nbsp;<\/p>\n<p>Biljetter: 20 \u20ac | pension\u00e4rer, studerande och bev\u00e4ring 15 \u20ac |\u00a0under 18 \u00e5r gratis<\/td>\n<td><strong>\u00a0Nagu kyrka<\/strong><\/td>\n<\/tr>\n<tr>\n<td style=\"width: 80px;\">l<strong>\u00f6rdag<\/strong><br \/>\n<strong> 8.7.2017<\/strong><br \/>\n<strong> kl. 14.00<\/strong><\/td>\n<td><strong>Ur kamarn<\/strong><\/p>\n<p>Nagu kammarmusikdagars artister musicerar tillsammans med unga musikstuderande fr\u00e5n sk\u00e4rg\u00e5rden.<\/p>\n<p>Fritt intr\u00e4de<\/td>\n<td><strong>Restaurant L&#8217;Escales grilltak<\/strong><\/td>\n<\/tr>\n<tr>\n<td style=\"width: 80px;\"><strong>l\u00f6rdag<\/strong><br \/>\n<strong> 8.7.2017<\/strong><br \/>\n<strong> kl. 18.00<\/strong><\/td>\n<td><strong>Musikens titaner<\/strong><\/p>\n<p><em>Program:<\/em><\/p>\n<p>Ludvig van Beethoven: Pianotrio op. 97 \u201d\u00c4rkehertigtrion\u201d<\/p>\n<p>Edvard Grieg: Str\u00e5kkvartett g-moll<\/p>\n<p>&nbsp;<\/p>\n<p>Roope Gr\u00f6ndahl, piano<\/p>\n<p>Mikaela Palmu, violin<\/p>\n<p>Laura Vikman, violin<\/p>\n<p>Hanna Pakkala, altviolin<\/p>\n<p>Erkki Lahesmaa, cello<\/p>\n<p>&nbsp;<\/p>\n<p>Biljetter: 20 \u20ac | pension\u00e4rer, studerande och bev\u00e4ring 15 \u20ac | under 18 \u00e5r gratis<\/td>\n<td><strong>Nagu kyrka<\/strong><\/td>\n<\/tr>\n<tr>\n<td style=\"width: 80px;\"><b>s\u00f6ndag<\/b><br \/>\n<strong> 9.7.2017<\/strong><br \/>\n<strong> kl. 18.00<\/strong><\/td>\n<td>\u00a0<strong>Avslutningskonsert<\/strong><\/p>\n<p>&nbsp;<\/p>\n<p><em>Program:<\/em><\/p>\n<p>Edvard Grieg: Pianostycken<\/p>\n<p>Edvard Grieg: Violinsonat \u00a0c-moll<\/p>\n<p>C\u00e9sar Franck: Pianokvintett f-moll<\/p>\n<p>&nbsp;<\/p>\n<p>Roope Gr\u00f6ndahl, piano<\/p>\n<p>Mikaela Palmu, violin<\/p>\n<p>Laura Vikman, violin<\/p>\n<p>Hanna Pakkala, altviolin<\/p>\n<p>Erkki Lahesmaa, cello<\/p>\n<p>&nbsp;<\/p>\n<p>Biljetter: 20 \u20ac | pension\u00e4rer, studerande och bev\u00e4ring 15 \u20ac |\u00a0under 18 \u00e5r gratis<\/td>\n<td><strong>Nagu kyrka<\/strong><\/td>\n<\/tr>\n<tr>\n<td style=\"width: 80px;\"><\/td>\n<td><\/td>\n<\/tr>\n<\/tbody>\n<\/table>\n<p><img fetchpriority=\"high\" decoding=\"async\" class=\"size-full wp-image-1043 alignleft\" src=\"http:\/\/www.nauvonkamarimusiikki.fi\/wordpress\/wp-content\/uploads\/2016\/03\/merimaisema1.jpg\" alt=\"merimaisema1\" width=\"1023\" height=\"387\" srcset=\"https:\/\/www.nauvonkamarimusiikki.fi\/wordpress\/wp-content\/uploads\/2016\/03\/merimaisema1.jpg 1023w, https:\/\/www.nauvonkamarimusiikki.fi\/wordpress\/wp-content\/uploads\/2016\/03\/merimaisema1-300x113.jpg 300w, https:\/\/www.nauvonkamarimusiikki.fi\/wordpress\/wp-content\/uploads\/2016\/03\/merimaisema1-768x291.jpg 768w\" sizes=\"(max-width: 1023px) 100vw, 1023px\" \/><\/p>\n","protected":false},"excerpt":{"rendered":"<p>Tid Konsert Plats torsdag 6.7.2017 kl. 18.00 \u00d6ppningskonsert Angelika Klas, sopran Roope Gr\u00f6ndahl, piano J. Sibelius, T. Kuula, O. Merikanto, E. Melartin ja W. Stenhammar &nbsp; Biljetter: 20 \u20ac | pension\u00e4rer, studerande och bev\u00e4ring 15 \u20ac |\u00a0under 18 \u00e5r gratis Nagu kyrka fredag 7.7.2017kl. 18.00 I Scwanorgelns \u00a0tonv\u00e4rld Tomi Satomaa, orgel J. S. Bach,\u00a0A. P\u00e4rt,&hellip; <br \/> <a class=\"read-more\" href=\"https:\/\/www.nauvonkamarimusiikki.fi\/?page_id=984&#038;lang=sv\">Read more<\/a><\/p>\n","protected":false},"author":1,"featured_media":0,"parent":0,"menu_order":0,"comment_status":"closed","ping_status":"closed","template":"","meta":{"footnotes":""},"class_list":["post-984","page","type-page","status-publish","hentry"],"_links":{"self":[{"href":"https:\/\/www.nauvonkamarimusiikki.fi\/index.php?rest_route=\/wp\/v2\/pages\/984","targetHints":{"allow":["GET"]}}],"collection":[{"href":"https:\/\/www.nauvonkamarimusiikki.fi\/index.php?rest_route=\/wp\/v2\/pages"}],"about":[{"href":"https:\/\/www.nauvonkamarimusiikki.fi\/index.php?rest_route=\/wp\/v2\/types\/page"}],"author":[{"embeddable":true,"href":"https:\/\/www.nauvonkamarimusiikki.fi\/index.php?rest_route=\/wp\/v2\/users\/1"}],"replies":[{"embeddable":true,"href":"https:\/\/www.nauvonkamarimusiikki.fi\/index.php?rest_route=%2Fwp%2Fv2%2Fcomments&post=984"}],"version-history":[{"count":29,"href":"https:\/\/www.nauvonkamarimusiikki.fi\/index.php?rest_route=\/wp\/v2\/pages\/984\/revisions"}],"predecessor-version":[{"id":1310,"href":"https:\/\/www.nauvonkamarimusiikki.fi\/index.php?rest_route=\/wp\/v2\/pages\/984\/revisions\/1310"}],"wp:attachment":[{"href":"https:\/\/www.nauvonkamarimusiikki.fi\/index.php?rest_route=%2Fwp%2Fv2%2Fmedia&parent=984"}],"curies":[{"name":"wp","href":"https:\/\/api.w.org\/{rel}","templated":true}]}}

<table style="height: 947px;" border="0" width="1080">
<tbody>
<tr>
<td style="width: 80px;"><strong>Tid</strong></td>
<td><strong>Konsert</strong></td>
<td><strong>Plats</strong></td>
</tr>
<tr>
<td style="width: 80px;"><strong>torsdag</strong><br />
<strong> 6.7.2017</strong><br />
<strong> kl. 18.00</strong></td>
<td><strong>Öppningskonsert</strong></p>
<p>Angelika Klas, sopran<br />
Roope Gröndahl, piano</p>
<p>J. Sibelius, T. Kuula, O. Merikanto, E. Melartin ja W. Stenhammar</p>
<p>&nbsp;</p>
<p>Biljetter: 20 € | pensionärer, studerande och beväring 15 € | under 18 år gratis</td>
<td><strong>Nagu kyrka</strong></td>
</tr>
<tr>
<td style="width: 80px;"><strong>fredag</strong><br />
<strong> 7.7.2017</strong><strong>kl. 18.00</strong></td>
<td><strong>I Scwanorgelns  tonvärld</strong></p>
<p>Tomi Satomaa, orgel</p>
<p>J. S. Bach, A. Pärt, A. Maasalo, S. Carlsson, K.-E. Gustafsson</p>
<p>&nbsp;</p>
<p>Biljetter: 20 € | pensionärer, studerande och beväring 15 € | under 18 år gratis</td>
<td><strong> Nagu kyrka</strong></td>
</tr>
<tr>
<td style="width: 80px;">l<strong>ördag</strong><br />
<strong> 8.7.2017</strong><br />
<strong> kl. 14.00</strong></td>
<td><strong>Ur kamarn</strong></p>
<p>Nagu kammarmusikdagars artister musicerar tillsammans med unga musikstuderande från skärgården.</p>
<p>Fritt inträde</td>
<td><strong>Restaurant L&#8217;Escales grilltak</strong></td>
</tr>
<tr>
<td style="width: 80px;"><strong>lördag</strong><br />
<strong> 8.7.2017</strong><br />
<strong> kl. 18.00</strong></td>
<td><strong>Musikens titaner</strong></p>
<p><em>Program:</em></p>
<p>Ludvig van Beethoven: Pianotrio op. 97 ”Ärkehertigtrion”</p>
<p>Edvard Grieg: Stråkkvartett g-moll</p>
<p>&nbsp;</p>
<p>Roope Gröndahl, piano</p>
<p>Mikaela Palmu, violin</p>
<p>Laura Vikman, violin</p>
<p>Hanna Pakkala, altviolin</p>
<p>Erkki Lahesmaa, cello</p>
<p>&nbsp;</p>
<p>Biljetter: 20 € | pensionärer, studerande och beväring 15 € | under 18 år gratis</td>
<td><strong>Nagu kyrka</strong></td>
</tr>
<tr>
<td style="width: 80px;"><b>söndag</b><br />
<strong> 9.7.2017</strong><br />
<strong> kl. 18.00</strong></td>
<td> <strong>Avslutningskonsert</strong></p>
<p>&nbsp;</p>
<p><em>Program:</em></p>
<p>Edvard Grieg: Pianostycken</p>
<p>Edvard Grieg: Violinsonat  c-moll</p>
<p>César Franck: Pianokvintett f-moll</p>
<p>&nbsp;</p>
<p>Roope Gröndahl, piano</p>
<p>Mikaela Palmu, violin</p>
<p>Laura Vikman, violin</p>
<p>Hanna Pakkala, altviolin</p>
<p>Erkki Lahesmaa, cello</p>
<p>&nbsp;</p>
<p>Biljetter: 20 € | pensionärer, studerande och beväring 15 € | under 18 år gratis</td>
<td><strong>Nagu kyrka</strong></td>
</tr>
<tr>
<td style="width: 80px;"></td>
<td></td>
</tr>
</tbody>
</table>
<p><img fetchpriority="high" decoding="async" class="size-full wp-image-1043 alignleft" src="http://www.nauvonkamarimusiikki.fi/wordpress/wp-content/uploads/2016/03/merimaisema1.jpg" alt="merimaisema1" width="1023" height="387" srcset="https://www.nauvonkamarimusiikki.fi/wordpress/wp-content/uploads/2016/03/merimaisema1.jpg 1023w, https://www.nauvonkamarimusiikki.fi/wordpress/wp-content/uploads/2016/03/merimaisema1-300x113.jpg 300w, https://www.nauvonkamarimusiikki.fi/wordpress/wp-content/uploads/2016/03/merimaisema1-768x291.jpg 768w" sizes="(max-width: 1023px) 100vw, 1023px" /></p>

<p>Tid Konsert Plats torsdag 6.7.2017 kl. 18.00 Öppningskonsert Angelika Klas, sopran Roope Gröndahl, piano J. Sibelius, T. Kuula, O. Merikanto, E. Melartin ja W. Stenhammar &nbsp; Biljetter: 20 € | pensionärer, studerande och beväring 15 € | under 18 år gratis Nagu kyrka fredag 7.7.2017kl. 18.00 I Scwanorgelns  tonvärld Tomi Satomaa, orgel J. S. Bach, A. Pärt,&hellip; <br /> <a class="read-more" href="https://www.nauvonkamarimusiikki.fi/?page_id=984&#038;lang=sv">Read more</a></p>
