{"id":746,"date":"2015-06-03T11:49:05","date_gmt":"2015-06-03T08:49:05","guid":{"rendered":"http:\/\/www.nauvonkamarimusiikki.fi\/?page_id=746"},"modified":"2015-06-03T11:52:26","modified_gmt":"2015-06-03T08:52:26","slug":"konserter-2015","status":"publish","type":"page","link":"https:\/\/www.nauvonkamarimusiikki.fi\/?page_id=746&lang=sv","title":{"rendered":"Konserter 2015"},"content":{"rendered":"<table border=\"0\">\n<tbody>\n<tr>\n<td style=\"width: 80px;\"><strong>Tid<\/strong><\/td>\n<td><strong>Konsert<\/strong><\/td>\n<td><strong>Plats<\/strong><\/td>\n<\/tr>\n<tr>\n<td style=\"width: 80px;\">tisdag<br \/>\n28.7.2015<br \/>\nkl. 19.00<\/td>\n<td>\u00d6ppningskonsert<\/p>\n<p>Antonio Vivaldi: Arior<br \/>\nHaydn: Arianna a Naxos<br \/>\nGioacchino Rossini: La Regata Veneziana<\/p>\n<p>Essi Luttinen, sopran<br \/>\nEveliina Kyt\u00f6m\u00e4ki, piano<\/p>\n<p>Biljetter: 18 e | pension\u00e4rer, studerande och bev\u00e4ring\u00a015 e | barn\u00a010 e<\/td>\n<td>Nagu kyrka<\/td>\n<\/tr>\n<tr>\n<td style=\"width: 80px;\">onsdag<br \/>\n29.7.2015<br \/>\nkl. 19.00<\/td>\n<td>Orgelmusik i sk\u00e4rg\u00e5rden<\/p>\n<p>Scheidemann,\u00a0J. S. Bach,\u00a0Pachelbel,\u00a0B\u00f6hm, Buxtehude, H\u00e4ndel (arr. Inoue), Brahms<\/p>\n<p>Keiko Inoue, orgel<\/p>\n<p>Biljetter: 18 e | pension\u00e4rer, studerande och bev\u00e4ring\u00a015 e | barn\u00a010 e<\/td>\n<td>Nagu kyrka<\/td>\n<\/tr>\n<tr>\n<td style=\"width: 80px;\">torsdag<br \/>\n30.7.2015<br \/>\nkl. 14.00<\/td>\n<td>Ur kamarn<\/p>\n<p>Nagu kammarmusikdagars artister musicerar tillsammans med unga musikstuderande fr\u00e5n sk\u00e4rg\u00e5rden.<\/p>\n<p>Biljetter: fritt intr\u00e4de<\/td>\n<td>Restaurant L&#8217;Escales grilltak<\/td>\n<\/tr>\n<tr>\n<td style=\"width: 80px;\">torsdag<br \/>\n30.7.2015<br \/>\nkl. 19.00<\/td>\n<td>Italiensk kv\u00e4ll<\/p>\n<p>Domenico Scarlatti: Sonat<br \/>\nGiacomo Puccini: Crisantemi<br \/>\nIgor Stravinsky: Italiensk svit<br \/>\n&#8212; paus\u00a0&#8212;<br \/>\nGiuseppe Verdi:\u00a0Str\u00e5kkvartett<\/p>\n<p>Roope Gr\u00f6ndahl, piano<br \/>\nLaura Vikman, violin<br \/>\nTami Pohjola, violin<br \/>\nHanna Pakkala, altviolin<br \/>\nErkki Lahesmaa, cello<\/p>\n<p>Biljetter: 18 e | pension\u00e4rer, studerande och bev\u00e4ring\u00a015 e | barn\u00a010 e<\/td>\n<td>Nagu kyrka<\/td>\n<\/tr>\n<tr>\n<td style=\"width: 80px;\">fredag<br \/>\n31.7.2015<br \/>\nkl. 19.00<\/td>\n<td>Avslutningskonsert<\/p>\n<p>Domenico Scarlatti: Sonat<br \/>\nArcangelo Corelli: Violinonat d-moll op. 5 nr 12 &#8221;La folia&#8221;<br \/>\nTomaso Antonio Vitali: Chaconne g-moll<br \/>\n&#8212; paus &#8212;<br \/>\nJohannes Brahms: Pianokvintett f-moll op. 34<\/p>\n<p>Roope Gr\u00f6ndahl, piano<br \/>\nLaura Vikman, violin<br \/>\nTami Pohjola, violin<br \/>\nHanna Pakkala, altviolin<br \/>\nErkki Lahesmaa, cello<\/p>\n<p>Biljetter: 18 e | pension\u00e4rer, studerande och bev\u00e4ring\u00a015 e | barn\u00a010 e<\/td>\n<td>Nagu kyrka<\/td>\n<\/tr>\n<\/tbody>\n<\/table>\n<p>&nbsp;<\/p>\n","protected":false},"excerpt":{"rendered":"<p>Tid Konsert Plats tisdag 28.7.2015 kl. 19.00 \u00d6ppningskonsert Antonio Vivaldi: Arior Haydn: Arianna a Naxos Gioacchino Rossini: La Regata Veneziana Essi Luttinen, sopran Eveliina Kyt\u00f6m\u00e4ki, piano Biljetter: 18 e | pension\u00e4rer, studerande och bev\u00e4ring\u00a015 e | barn\u00a010 e Nagu kyrka onsdag 29.7.2015 kl. 19.00 Orgelmusik i sk\u00e4rg\u00e5rden Scheidemann,\u00a0J. S. Bach,\u00a0Pachelbel,\u00a0B\u00f6hm, Buxtehude, H\u00e4ndel (arr. Inoue), Brahms&hellip; <br \/> <a class=\"read-more\" href=\"https:\/\/www.nauvonkamarimusiikki.fi\/?page_id=746&#038;lang=sv\">Read more<\/a><\/p>\n","protected":false},"author":1,"featured_media":0,"parent":0,"menu_order":0,"comment_status":"closed","ping_status":"open","template":"","meta":{"footnotes":""},"class_list":["post-746","page","type-page","status-publish","hentry"],"_links":{"self":[{"href":"https:\/\/www.nauvonkamarimusiikki.fi\/index.php?rest_route=\/wp\/v2\/pages\/746","targetHints":{"allow":["GET"]}}],"collection":[{"href":"https:\/\/www.nauvonkamarimusiikki.fi\/index.php?rest_route=\/wp\/v2\/pages"}],"about":[{"href":"https:\/\/www.nauvonkamarimusiikki.fi\/index.php?rest_route=\/wp\/v2\/types\/page"}],"author":[{"embeddable":true,"href":"https:\/\/www.nauvonkamarimusiikki.fi\/index.php?rest_route=\/wp\/v2\/users\/1"}],"replies":[{"embeddable":true,"href":"https:\/\/www.nauvonkamarimusiikki.fi\/index.php?rest_route=%2Fwp%2Fv2%2Fcomments&post=746"}],"version-history":[{"count":5,"href":"https:\/\/www.nauvonkamarimusiikki.fi\/index.php?rest_route=\/wp\/v2\/pages\/746\/revisions"}],"predecessor-version":[{"id":752,"href":"https:\/\/www.nauvonkamarimusiikki.fi\/index.php?rest_route=\/wp\/v2\/pages\/746\/revisions\/752"}],"wp:attachment":[{"href":"https:\/\/www.nauvonkamarimusiikki.fi\/index.php?rest_route=%2Fwp%2Fv2%2Fmedia&parent=746"}],"curies":[{"name":"wp","href":"https:\/\/api.w.org\/{rel}","templated":true}]}}

<table border="0">
<tbody>
<tr>
<td style="width: 80px;"><strong>Tid</strong></td>
<td><strong>Konsert</strong></td>
<td><strong>Plats</strong></td>
</tr>
<tr>
<td style="width: 80px;">tisdag<br />
28.7.2015<br />
kl. 19.00</td>
<td>Öppningskonsert</p>
<p>Antonio Vivaldi: Arior<br />
Haydn: Arianna a Naxos<br />
Gioacchino Rossini: La Regata Veneziana</p>
<p>Essi Luttinen, sopran<br />
Eveliina Kytömäki, piano</p>
<p>Biljetter: 18 e | pensionärer, studerande och beväring 15 e | barn 10 e</td>
<td>Nagu kyrka</td>
</tr>
<tr>
<td style="width: 80px;">onsdag<br />
29.7.2015<br />
kl. 19.00</td>
<td>Orgelmusik i skärgården</p>
<p>Scheidemann, J. S. Bach, Pachelbel, Böhm, Buxtehude, Händel (arr. Inoue), Brahms</p>
<p>Keiko Inoue, orgel</p>
<p>Biljetter: 18 e | pensionärer, studerande och beväring 15 e | barn 10 e</td>
<td>Nagu kyrka</td>
</tr>
<tr>
<td style="width: 80px;">torsdag<br />
30.7.2015<br />
kl. 14.00</td>
<td>Ur kamarn</p>
<p>Nagu kammarmusikdagars artister musicerar tillsammans med unga musikstuderande från skärgården.</p>
<p>Biljetter: fritt inträde</td>
<td>Restaurant L&#8217;Escales grilltak</td>
</tr>
<tr>
<td style="width: 80px;">torsdag<br />
30.7.2015<br />
kl. 19.00</td>
<td>Italiensk kväll</p>
<p>Domenico Scarlatti: Sonat<br />
Giacomo Puccini: Crisantemi<br />
Igor Stravinsky: Italiensk svit<br />
&#8212; paus &#8212;<br />
Giuseppe Verdi: Stråkkvartett</p>
<p>Roope Gröndahl, piano<br />
Laura Vikman, violin<br />
Tami Pohjola, violin<br />
Hanna Pakkala, altviolin<br />
Erkki Lahesmaa, cello</p>
<p>Biljetter: 18 e | pensionärer, studerande och beväring 15 e | barn 10 e</td>
<td>Nagu kyrka</td>
</tr>
<tr>
<td style="width: 80px;">fredag<br />
31.7.2015<br />
kl. 19.00</td>
<td>Avslutningskonsert</p>
<p>Domenico Scarlatti: Sonat<br />
Arcangelo Corelli: Violinonat d-moll op. 5 nr 12 &#8221;La folia&#8221;<br />
Tomaso Antonio Vitali: Chaconne g-moll<br />
&#8212; paus &#8212;<br />
Johannes Brahms: Pianokvintett f-moll op. 34</p>
<p>Roope Gröndahl, piano<br />
Laura Vikman, violin<br />
Tami Pohjola, violin<br />
Hanna Pakkala, altviolin<br />
Erkki Lahesmaa, cello</p>
<p>Biljetter: 18 e | pensionärer, studerande och beväring 15 e | barn 10 e</td>
<td>Nagu kyrka</td>
</tr>
</tbody>
</table>
<p>&nbsp;</p>

<p>Tid Konsert Plats tisdag 28.7.2015 kl. 19.00 Öppningskonsert Antonio Vivaldi: Arior Haydn: Arianna a Naxos Gioacchino Rossini: La Regata Veneziana Essi Luttinen, sopran Eveliina Kytömäki, piano Biljetter: 18 e | pensionärer, studerande och beväring 15 e | barn 10 e Nagu kyrka onsdag 29.7.2015 kl. 19.00 Orgelmusik i skärgården Scheidemann, J. S. Bach, Pachelbel, Böhm, Buxtehude, Händel (arr. Inoue), Brahms&hellip; <br /> <a class="read-more" href="https://www.nauvonkamarimusiikki.fi/?page_id=746&#038;lang=sv">Read more</a></p>
