{"id":4419,"date":"2021-06-09T17:08:39","date_gmt":"2021-06-09T14:08:39","guid":{"rendered":"https:\/\/www.nauvonkamarimusiikki.fi\/?page_id=4419"},"modified":"2025-05-22T18:20:43","modified_gmt":"2025-05-22T15:20:43","slug":"biljetter-2","status":"publish","type":"page","link":"https:\/\/www.nauvonkamarimusiikki.fi\/?page_id=4419&lang=sv","title":{"rendered":"Biljetter"},"content":{"rendered":"\t\t<div data-elementor-type=\"wp-page\" data-elementor-id=\"4419\" class=\"elementor elementor-4419 elementor-4398\">\n\t\t\t\t\t\t<section class=\"elementor-section elementor-top-section elementor-element elementor-element-596ed5c elementor-section-boxed elementor-section-height-default elementor-section-height-default\" data-id=\"596ed5c\" data-element_type=\"section\" data-e-type=\"section\">\n\t\t\t\t\t\t<div class=\"elementor-container elementor-column-gap-default\">\n\t\t\t\t\t<div class=\"elementor-column elementor-col-50 elementor-top-column elementor-element elementor-element-27bb967\" data-id=\"27bb967\" data-element_type=\"column\" data-e-type=\"column\">\n\t\t\t<div class=\"elementor-widget-wrap elementor-element-populated\">\n\t\t\t\t\t\t<div class=\"elementor-element elementor-element-44aaee7 elementor-widget elementor-widget-text-editor\" data-id=\"44aaee7\" data-element_type=\"widget\" data-e-type=\"widget\" data-widget_type=\"text-editor.default\">\n\t\t\t\t<div class=\"elementor-widget-container\">\n\t\t\t\t\t\t\t\t\t<h3>Biljettpriser<\/h3>\t\t\t\t\t\t\t\t<\/div>\n\t\t\t\t<\/div>\n\t\t\t\t\t<\/div>\n\t\t<\/div>\n\t\t\t\t<div class=\"elementor-column elementor-col-50 elementor-top-column elementor-element elementor-element-f5e7332\" data-id=\"f5e7332\" data-element_type=\"column\" data-e-type=\"column\">\n\t\t\t<div class=\"elementor-widget-wrap elementor-element-populated\">\n\t\t\t\t\t\t<div class=\"elementor-element elementor-element-3800bb1 elementor-widget elementor-widget-text-editor\" data-id=\"3800bb1\" data-element_type=\"widget\" data-e-type=\"widget\" data-widget_type=\"text-editor.default\">\n\t\t\t\t<div class=\"elementor-widget-container\">\n\t\t\t\t\t\t\t\t\t<h3>Stadshusets info \/ Servicepunkten<\/h3>\t\t\t\t\t\t\t\t<\/div>\n\t\t\t\t<\/div>\n\t\t\t\t\t<\/div>\n\t\t<\/div>\n\t\t\t\t\t<\/div>\n\t\t<\/section>\n\t\t\t\t<section class=\"elementor-section elementor-top-section elementor-element elementor-element-06bd288 elementor-section-boxed elementor-section-height-default elementor-section-height-default\" data-id=\"06bd288\" data-element_type=\"section\" data-e-type=\"section\">\n\t\t\t\t\t\t<div class=\"elementor-container elementor-column-gap-default\">\n\t\t\t\t\t<div class=\"elementor-column elementor-col-50 elementor-top-column elementor-element elementor-element-c5e14f7\" data-id=\"c5e14f7\" data-element_type=\"column\" data-e-type=\"column\">\n\t\t\t<div class=\"elementor-widget-wrap elementor-element-populated\">\n\t\t\t\t\t\t<div class=\"elementor-element elementor-element-e44b4c1 elementor-widget elementor-widget-text-editor\" data-id=\"e44b4c1\" data-element_type=\"widget\" data-e-type=\"widget\" data-widget_type=\"text-editor.default\">\n\t\t\t\t<div class=\"elementor-widget-container\">\n\t\t\t\t\t\t\t\t\t<h5>Fr\u00e5n d\u00f6rren<\/h5><p>20\u20ac grundbiljett<br \/>15\u20ac studeranden och bev\u00e4ringar<br \/>Barn under 18 \u00e5r gratis intr\u00e4de<\/p><p><strong>Konsert p\u00e5 Br\u00e4nnsk\u00e4r 6.7.2025 kl. 14<\/strong><br \/>15\u20ac grundbiljett<br \/>10\u20ac studeranden och bev\u00e4ringar<br \/>Barn under 18 \u00e5r gratis intr\u00e4de<\/p>\t\t\t\t\t\t\t\t<\/div>\n\t\t\t\t<\/div>\n\t\t\t\t\t<\/div>\n\t\t<\/div>\n\t\t\t\t<div class=\"elementor-column elementor-col-50 elementor-top-column elementor-element elementor-element-cb19a9b\" data-id=\"cb19a9b\" data-element_type=\"column\" data-e-type=\"column\">\n\t\t\t<div class=\"elementor-widget-wrap elementor-element-populated\">\n\t\t\t\t\t\t<div class=\"elementor-element elementor-element-f96713a elementor-widget elementor-widget-text-editor\" data-id=\"f96713a\" data-element_type=\"widget\" data-e-type=\"widget\" data-widget_type=\"text-editor.default\">\n\t\t\t\t<div class=\"elementor-widget-container\">\n\t\t\t\t\t\t\t\t\t<p>Strandv\u00e4gen 28, 1. v\u00e5n<br \/>21600 Pargas.<\/p><p>\u00d6ppeth\u00e5llningstider:<br \/>m\u00e5 &#8211; ons 9-16<br \/>torsdag 9-17<br \/>fredag 9-15 (under tiden 2.6-1.9.2017 kl. 14)<\/p><p><strong>Kontakt<\/strong><br \/>tfn 040 488 6026.<br \/><a href=\"mailto:info@pargas.fi\" target=\"\">info@pargas.fi<\/a><br \/><a href=\"http:\/\/pargas.fi\/web\/kundservice_och_blanketter\/kundtjanster\/sv_SE\/kundtjanster\/\">Hemsida<\/a><a href=\"https:\/\/www.pargas.fi\/kundservice?inheritRedirect=true\" target=\"\">\u00a0Servicepunkten<\/a><\/p>\t\t\t\t\t\t\t\t<\/div>\n\t\t\t\t<\/div>\n\t\t\t\t\t<\/div>\n\t\t<\/div>\n\t\t\t\t\t<\/div>\n\t\t<\/section>\n\t\t\t\t<section class=\"elementor-section elementor-top-section elementor-element elementor-element-1c14a60 elementor-section-boxed elementor-section-height-default elementor-section-height-default\" data-id=\"1c14a60\" data-element_type=\"section\" data-e-type=\"section\">\n\t\t\t\t\t\t<div class=\"elementor-container elementor-column-gap-default\">\n\t\t\t\t\t<div class=\"elementor-column elementor-col-50 elementor-top-column elementor-element elementor-element-9ec1ccb\" data-id=\"9ec1ccb\" data-element_type=\"column\" data-e-type=\"column\">\n\t\t\t<div class=\"elementor-widget-wrap elementor-element-populated\">\n\t\t\t\t\t\t<div class=\"elementor-element elementor-element-cb4eb49 elementor-widget elementor-widget-text-editor\" data-id=\"cb4eb49\" data-element_type=\"widget\" data-e-type=\"widget\" data-widget_type=\"text-editor.default\">\n\t\t\t\t<div class=\"elementor-widget-container\">\n\t\t\t\t\t\t\t\t\t<h5>P\u00e5 f\u00f6rhand\u00a0<\/h5><p>Biljetter 20 \u20ac<br \/>Studerande, bev\u00e4ring 15 \u20ac<\/p><p><strong>Seriebiljetter:<\/strong><br \/><strong>Kv\u00e4llskonserter (4 st) 60 \u20ac:<\/strong> \u00d6gonblick och evighet (on 2.7), Violins magi (to 3.7), Ravels eko &#8211; Pohjolas klang (fre 4.7), F\u00e4rger och kraft (l\u00f6 5.7)<br \/><strong>Kyrkokonserter (5 st) 80 \u20ac:<\/strong> \u00d6gonblick och evighet (on 2.7), Sj\u00e4l\u00f6s toner (on 2.7), Violins magi (to 3.7), Ravels eko &#8211; Pohjolas klang (fre 4.7), F\u00e4rger och kraft (5.7)<\/p><p>Serviceavgift ing\u00e5r i priset.<\/p><p>Netticket.fi<br \/>Pargas stadshus<br \/>Kelovee, Pargas<br \/>Finlands Sk\u00e4rg\u00e5rdsbokning, Nagu<\/p>\t\t\t\t\t\t\t\t<\/div>\n\t\t\t\t<\/div>\n\t\t\t\t\t<\/div>\n\t\t<\/div>\n\t\t\t\t<div class=\"elementor-column elementor-col-50 elementor-top-column elementor-element elementor-element-5b47e21\" data-id=\"5b47e21\" data-element_type=\"column\" data-e-type=\"column\">\n\t\t\t<div class=\"elementor-widget-wrap elementor-element-populated\">\n\t\t\t\t\t\t<div class=\"elementor-element elementor-element-b2cd6a4 elementor-widget elementor-widget-text-editor\" data-id=\"b2cd6a4\" data-element_type=\"widget\" data-e-type=\"widget\" data-widget_type=\"text-editor.default\">\n\t\t\t\t<div class=\"elementor-widget-container\">\n\t\t\t\t\t\t\t\t\t<h3>Kelovee, Parainen<\/h3>\t\t\t\t\t\t\t\t<\/div>\n\t\t\t\t<\/div>\n\t\t\t\t<div class=\"elementor-element elementor-element-2179b99 elementor-widget elementor-widget-text-editor\" data-id=\"2179b99\" data-element_type=\"widget\" data-e-type=\"widget\" data-widget_type=\"text-editor.default\">\n\t\t\t\t<div class=\"elementor-widget-container\">\n\t\t\t\t\t\t\t\t\t<p>K\u00f6pmansgatan 3<br \/>21600 Pargas<\/p><p>\u00d6ppeth\u00e5llningstider:<br \/>Vardagar 10:00 &#8211; 18:00<br \/>l\u00f6rdagar 10:00 &#8211; 14:00.<br \/><br \/><strong>Kontakt<\/strong><br \/>Tfn. 010 420 8080<br \/><a href=\"mailto:sales@kelovee@pargas.fi\" target=\"_blank\" rel=\"noopener\">sales@kelovee.fi<\/a><br \/><a href=\"http:\/\/www.kelovee.fi\/\" target=\"_blank\" rel=\"noopener\">Hemsida Kelovee<\/a><br \/><a href=\"https:\/\/www.facebook.com\/Kelovee?fref=ts\" target=\"_blank\" rel=\"noopener\">Facebooksida Kelovee<\/a><\/p>\t\t\t\t\t\t\t\t<\/div>\n\t\t\t\t<\/div>\n\t\t\t\t\t<\/div>\n\t\t<\/div>\n\t\t\t\t\t<\/div>\n\t\t<\/section>\n\t\t\t\t<section class=\"elementor-section elementor-top-section elementor-element elementor-element-1be2f60 elementor-section-boxed elementor-section-height-default elementor-section-height-default\" data-id=\"1be2f60\" data-element_type=\"section\" data-e-type=\"section\">\n\t\t\t\t\t\t<div class=\"elementor-container elementor-column-gap-default\">\n\t\t\t\t\t<div class=\"elementor-column elementor-col-50 elementor-top-column elementor-element elementor-element-723f46a\" data-id=\"723f46a\" data-element_type=\"column\" data-e-type=\"column\">\n\t\t\t<div class=\"elementor-widget-wrap elementor-element-populated\">\n\t\t\t\t\t\t<div class=\"elementor-element elementor-element-88935bc elementor-widget elementor-widget-text-editor\" data-id=\"88935bc\" data-element_type=\"widget\" data-e-type=\"widget\" data-widget_type=\"text-editor.default\">\n\t\t\t\t<div class=\"elementor-widget-container\">\n\t\t\t\t\t\t\t\t\t<h3>NetTicket.fi<\/h3>\t\t\t\t\t\t\t\t<\/div>\n\t\t\t\t<\/div>\n\t\t\t\t\t<\/div>\n\t\t<\/div>\n\t\t\t\t<div class=\"elementor-column elementor-col-50 elementor-top-column elementor-element elementor-element-2241edb\" data-id=\"2241edb\" data-element_type=\"column\" data-e-type=\"column\">\n\t\t\t<div class=\"elementor-widget-wrap elementor-element-populated\">\n\t\t\t\t\t\t<div class=\"elementor-element elementor-element-b7b8c83 elementor-widget elementor-widget-text-editor\" data-id=\"b7b8c83\" data-element_type=\"widget\" data-e-type=\"widget\" data-widget_type=\"text-editor.default\">\n\t\t\t\t<div class=\"elementor-widget-container\">\n\t\t\t\t\t\t\t\t\t<h3>Finlands Sk\u00e4rg\u00e5rdsbokning<\/h3>\t\t\t\t\t\t\t\t<\/div>\n\t\t\t\t<\/div>\n\t\t\t\t\t<\/div>\n\t\t<\/div>\n\t\t\t\t\t<\/div>\n\t\t<\/section>\n\t\t\t\t<section class=\"elementor-section elementor-top-section elementor-element elementor-element-71f790e elementor-section-boxed elementor-section-height-default elementor-section-height-default\" data-id=\"71f790e\" data-element_type=\"section\" data-e-type=\"section\">\n\t\t\t\t\t\t<div class=\"elementor-container elementor-column-gap-default\">\n\t\t\t\t\t<div class=\"elementor-column elementor-col-50 elementor-top-column elementor-element elementor-element-0408cf8\" data-id=\"0408cf8\" data-element_type=\"column\" data-e-type=\"column\">\n\t\t\t<div class=\"elementor-widget-wrap elementor-element-populated\">\n\t\t\t\t\t\t<div class=\"elementor-element elementor-element-322eb07 elementor-widget elementor-widget-image\" data-id=\"322eb07\" data-element_type=\"widget\" data-e-type=\"widget\" data-widget_type=\"image.default\">\n\t\t\t\t<div class=\"elementor-widget-container\">\n\t\t\t\t\t\t\t\t\t\t\t\t\t\t\t\t<a href=\"https:\/\/www.netticket.fi\/nauvon-kamarimusiikkipaivat-25\" target=\"_blank\">\n\t\t\t\t\t\t\t<img decoding=\"async\" width=\"300\" height=\"105\" src=\"https:\/\/www.nauvonkamarimusiikki.fi\/wordpress\/wp-content\/uploads\/2022\/05\/Netticket_logo_web-300x105.jpg\" class=\"attachment-medium size-medium wp-image-5053\" alt=\"\" srcset=\"https:\/\/www.nauvonkamarimusiikki.fi\/wordpress\/wp-content\/uploads\/2022\/05\/Netticket_logo_web-300x105.jpg 300w, https:\/\/www.nauvonkamarimusiikki.fi\/wordpress\/wp-content\/uploads\/2022\/05\/Netticket_logo_web-1024x358.jpg 1024w, https:\/\/www.nauvonkamarimusiikki.fi\/wordpress\/wp-content\/uploads\/2022\/05\/Netticket_logo_web-768x268.jpg 768w, https:\/\/www.nauvonkamarimusiikki.fi\/wordpress\/wp-content\/uploads\/2022\/05\/Netticket_logo_web.jpg 1148w\" sizes=\"(max-width: 300px) 100vw, 300px\" \/>\t\t\t\t\t\t\t\t<\/a>\n\t\t\t\t\t\t\t\t\t\t\t\t\t\t\t<\/div>\n\t\t\t\t<\/div>\n\t\t\t\t<div class=\"elementor-element elementor-element-b65dc33 elementor-widget elementor-widget-text-editor\" data-id=\"b65dc33\" data-element_type=\"widget\" data-e-type=\"widget\" data-widget_type=\"text-editor.default\">\n\t\t\t\t<div class=\"elementor-widget-container\">\n\t\t\t\t\t\t\t\t\t<p><span style=\"color: var( --e-global-color-text ); font-family: var( --e-global-typography-text-font-family ), Sans-serif; font-weight: var( --e-global-typography-text-font-weight );\">Tfn. 0600 399 499<\/span><\/p><p>1,00 \u20ac\/min + lna\/msa<br \/>m\u00e5-fre 9-21, l\u00f6-s\u00f6 13-21<\/p><p><a href=\"mailto:info@netticket.fi\">info@netticket.fi<\/a><br \/><a href=\"http:\/\/www.netticket.fi\">www.netticket.fi<\/a><\/p>\t\t\t\t\t\t\t\t<\/div>\n\t\t\t\t<\/div>\n\t\t\t\t\t<\/div>\n\t\t<\/div>\n\t\t\t\t<div class=\"elementor-column elementor-col-50 elementor-top-column elementor-element elementor-element-8569203\" data-id=\"8569203\" data-element_type=\"column\" data-e-type=\"column\">\n\t\t\t<div class=\"elementor-widget-wrap elementor-element-populated\">\n\t\t\t\t\t\t<div class=\"elementor-element elementor-element-08b1467 elementor-widget elementor-widget-text-editor\" data-id=\"08b1467\" data-element_type=\"widget\" data-e-type=\"widget\" data-widget_type=\"text-editor.default\">\n\t\t\t\t<div class=\"elementor-widget-container\">\n\t\t\t\t\t\t\t\t\t<p>Strandstigen 1<br \/>21660 NAGU<br \/><br \/>\u00d6ppeth\u00e5llningstider:<br \/>m\u00e5-fre 9:00-16:00<\/p><p><strong>Kontakt<\/strong><br \/>tfn 02 410 6600<br \/><a href=\"mailto:info@saaristovaraus.fi\" target=\"\">info@saaristovaraus.fi<\/a><br \/><a href=\"http:\/\/saaristovaraus.fi\/\" target=\"_blank\" rel=\"noopener\">Hemsida Finlands Sk\u00e4rg\u00e5rdsbokning<\/a><br \/><a href=\"https:\/\/www.facebook.com\/saaristovaraus\" target=\"_blank\" rel=\"noopener\">Facebooksida Finlands Sk\u00e4rg\u00e5rdsbokning<\/a><\/p>\t\t\t\t\t\t\t\t<\/div>\n\t\t\t\t<\/div>\n\t\t\t\t\t<\/div>\n\t\t<\/div>\n\t\t\t\t\t<\/div>\n\t\t<\/section>\n\t\t\t\t<section class=\"elementor-section elementor-top-section elementor-element elementor-element-9ce5bbe elementor-section-boxed elementor-section-height-default elementor-section-height-default\" data-id=\"9ce5bbe\" data-element_type=\"section\" data-e-type=\"section\">\n\t\t\t\t\t\t<div class=\"elementor-container elementor-column-gap-default\">\n\t\t\t\t\t<div class=\"elementor-column elementor-col-100 elementor-top-column elementor-element elementor-element-c6e3b79\" data-id=\"c6e3b79\" data-element_type=\"column\" data-e-type=\"column\">\n\t\t\t<div class=\"elementor-widget-wrap\">\n\t\t\t\t\t\t\t<\/div>\n\t\t<\/div>\n\t\t\t\t\t<\/div>\n\t\t<\/section>\n\t\t\t\t<\/div>\n\t\t","protected":false},"excerpt":{"rendered":"<p>Biljettpriser Stadshusets info \/ Servicepunkten Fr\u00e5n d\u00f6rren 20\u20ac grundbiljett15\u20ac studeranden och bev\u00e4ringarBarn under 18 \u00e5r gratis intr\u00e4de Konsert p\u00e5 Br\u00e4nnsk\u00e4r 6.7.2025 kl. 1415\u20ac grundbiljett10\u20ac studeranden och bev\u00e4ringarBarn under 18 \u00e5r gratis intr\u00e4de Strandv\u00e4gen 28, 1. v\u00e5n21600 Pargas. \u00d6ppeth\u00e5llningstider:m\u00e5 &#8211; ons 9-16torsdag 9-17fredag 9-15 (under tiden 2.6-1.9.2017 kl. 14) Kontakttfn 040 488 6026.info@pargas.fiHemsida\u00a0Servicepunkten P\u00e5 f\u00f6rhand\u00a0 Biljetter&hellip; <br \/> <a class=\"read-more\" href=\"https:\/\/www.nauvonkamarimusiikki.fi\/?page_id=4419&#038;lang=sv\">Read more<\/a><\/p>\n","protected":false},"author":1,"featured_media":0,"parent":0,"menu_order":0,"comment_status":"closed","ping_status":"closed","template":"","meta":{"footnotes":""},"class_list":["post-4419","page","type-page","status-publish","hentry"],"_links":{"self":[{"href":"https:\/\/www.nauvonkamarimusiikki.fi\/index.php?rest_route=\/wp\/v2\/pages\/4419","targetHints":{"allow":["GET"]}}],"collection":[{"href":"https:\/\/www.nauvonkamarimusiikki.fi\/index.php?rest_route=\/wp\/v2\/pages"}],"about":[{"href":"https:\/\/www.nauvonkamarimusiikki.fi\/index.php?rest_route=\/wp\/v2\/types\/page"}],"author":[{"embeddable":true,"href":"https:\/\/www.nauvonkamarimusiikki.fi\/index.php?rest_route=\/wp\/v2\/users\/1"}],"replies":[{"embeddable":true,"href":"https:\/\/www.nauvonkamarimusiikki.fi\/index.php?rest_route=%2Fwp%2Fv2%2Fcomments&post=4419"}],"version-history":[{"count":64,"href":"https:\/\/www.nauvonkamarimusiikki.fi\/index.php?rest_route=\/wp\/v2\/pages\/4419\/revisions"}],"predecessor-version":[{"id":6422,"href":"https:\/\/www.nauvonkamarimusiikki.fi\/index.php?rest_route=\/wp\/v2\/pages\/4419\/revisions\/6422"}],"wp:attachment":[{"href":"https:\/\/www.nauvonkamarimusiikki.fi\/index.php?rest_route=%2Fwp%2Fv2%2Fmedia&parent=4419"}],"curies":[{"name":"wp","href":"https:\/\/api.w.org\/{rel}","templated":true}]}}