{"id":4353,"date":"2021-06-09T15:33:54","date_gmt":"2021-06-09T12:33:54","guid":{"rendered":"https:\/\/www.nauvonkamarimusiikki.fi\/?page_id=4353"},"modified":"2025-06-18T18:18:35","modified_gmt":"2025-06-18T15:18:35","slug":"resa-till-sjalo-2021","status":"publish","type":"page","link":"https:\/\/www.nauvonkamarimusiikki.fi\/?page_id=4353&lang=sv","title":{"rendered":"Resa till Sj\u00e4l\u00f6"},"content":{"rendered":"\t\t<div data-elementor-type=\"wp-post\" data-elementor-id=\"4353\" class=\"elementor elementor-4353 elementor-2902\">\n\t\t\t\t\t\t<section class=\"elementor-section elementor-top-section elementor-element elementor-element-1b2f4de elementor-section-boxed elementor-section-height-default elementor-section-height-default\" data-id=\"1b2f4de\" data-element_type=\"section\" data-e-type=\"section\">\n\t\t\t\t\t\t<div class=\"elementor-container elementor-column-gap-default\">\n\t\t\t\t\t<div class=\"elementor-column elementor-col-100 elementor-top-column elementor-element elementor-element-f83cd61\" data-id=\"f83cd61\" data-element_type=\"column\" data-e-type=\"column\">\n\t\t\t<div class=\"elementor-widget-wrap elementor-element-populated\">\n\t\t\t\t\t\t<div class=\"elementor-element elementor-element-d6ca1a6 elementor-widget elementor-widget-text-editor\" data-id=\"d6ca1a6\" data-element_type=\"widget\" data-e-type=\"widget\" data-widget_type=\"text-editor.default\">\n\t\t\t\t<div class=\"elementor-widget-container\">\n\t\t\t\t\t\t\t\t\t<h4><span style=\"color: #000000;\">\u00c5k p\u00e5 en konsertresa fr\u00e5n \u00c5bo till Sj\u00e4l\u00f6 torsdagen 3.7.2025 p\u00e5 M\/s Norrsk\u00e4r!<\/span><\/h4><p>P\u00e5 Nagu kammarmusikdagars konsert p\u00e5 Sj\u00e4l\u00f6 f\u00e5r vi detta \u00e5r njuta av den ljuvliga kombinationen av valthorn och violin. \u00a0Duon, som best\u00e5r av valthornisten Ilari Lahesmaa och violinisten Ruben Goesch, upptr\u00e4der med en ljuvlig konsert i idylliska omgivningar i Sj\u00e4l\u00f6s historiska kyrka.<\/p><p><span style=\"color: #000000;\">Konserten \u00e4r ca. en timme l\u00e5ng. Under resan hinner du bekanta dig i Sj\u00e4l\u00f6s f\u00e4ngslande natur och historia samt njuta av \u00f6ns restaurangtj\u00e4nster.<\/span><\/p><p><span style=\"color: #000000;\"><strong>Resans pris \u00e4r 53\/48\u20ac<\/strong>, inneh\u00e5ller b\u00e5tresa och konsert.<br \/><\/span><span style=\"color: #000000;\"><strong> Reserverva din biljett<\/strong> genom att kontakta oss per mejl:\u00a0<a href=\"mailto:info@nauvonkamarimusiikki.fi\">info@nauvonkamarimusiikki.fi<\/a><\/span><\/p><p>Mera information om Sj\u00e4l\u00f6 (och andra f\u00f6rbindelsem\u00f6jligheter):\u00a0<a href=\"https:\/\/www.visitseili.fi\/sv\/\" target=\"_blank\" rel=\"noopener\">https:\/\/www.visitseili.fi\/sv\/<\/a><br \/>N\u00e4rmare information om M\/s Norrsk\u00e4r:\u00a0<a href=\"https:\/\/vitharun.fi\/sv\/\" target=\"_blank\" rel=\"noopener\">https:\/\/vitharun.fi\/sv\/<\/a><\/p><p><span style=\"color: #000000;\"><strong>Tidtabell<\/strong>:<\/span><br \/><span style=\"color: #000000;\">kl 9.30 M\/s Norrsk\u00e4r avg\u00e5r fr\u00e5n \u00c5bo (Bryggan finns p\u00e5 v\u00e4stra sidan av Aura\u00e5n, ca. 1,5km fr\u00e5n \u00c5bo centrum.)<\/span><br \/><span style=\"color: #000000;\">kl 11.15 b\u00e5ten anl\u00e4nder till Sj\u00e4l\u00f6<\/span><br \/><span style=\"color: #000000;\">kl 13-14 konsert i Sj\u00e4l\u00f6 kyrka<\/span><br \/><span style=\"color: #000000;\">kl 16.30 b\u00e5ten avg\u00e5r fr\u00e5n Sj\u00e4l\u00f6<\/span><br \/><span style=\"color: #000000;\">kl 18.15 b\u00e5ten anl\u00e4nder till \u00c5bo.<\/span><\/p><p><span style=\"color: #000000;\">\u00a0<\/span><\/p>\t\t\t\t\t\t\t\t<\/div>\n\t\t\t\t<\/div>\n\t\t\t\t<div class=\"elementor-element elementor-element-4030754 elementor-widget elementor-widget-image\" data-id=\"4030754\" data-element_type=\"widget\" data-e-type=\"widget\" data-widget_type=\"image.default\">\n\t\t\t\t<div class=\"elementor-widget-container\">\n\t\t\t\t\t\t\t\t\t\t\t\t\t\t\t<img fetchpriority=\"high\" decoding=\"async\" width=\"768\" height=\"614\" src=\"https:\/\/www.nauvonkamarimusiikki.fi\/wordpress\/wp-content\/uploads\/2025\/06\/Artister-2024-3-768x614.png\" class=\"attachment-medium_large size-medium_large wp-image-6453\" alt=\"\" srcset=\"https:\/\/www.nauvonkamarimusiikki.fi\/wordpress\/wp-content\/uploads\/2025\/06\/Artister-2024-3-768x614.png 768w, https:\/\/www.nauvonkamarimusiikki.fi\/wordpress\/wp-content\/uploads\/2025\/06\/Artister-2024-3-300x240.png 300w, https:\/\/www.nauvonkamarimusiikki.fi\/wordpress\/wp-content\/uploads\/2025\/06\/Artister-2024-3-1024x819.png 1024w, https:\/\/www.nauvonkamarimusiikki.fi\/wordpress\/wp-content\/uploads\/2025\/06\/Artister-2024-3-1536x1229.png 1536w, https:\/\/www.nauvonkamarimusiikki.fi\/wordpress\/wp-content\/uploads\/2025\/06\/Artister-2024-3-1350x1080.png 1350w, https:\/\/www.nauvonkamarimusiikki.fi\/wordpress\/wp-content\/uploads\/2025\/06\/Artister-2024-3.png 2000w\" sizes=\"(max-width: 768px) 100vw, 768px\" \/>\t\t\t\t\t\t\t\t\t\t\t\t\t\t\t<\/div>\n\t\t\t\t<\/div>\n\t\t\t\t\t<\/div>\n\t\t<\/div>\n\t\t\t\t\t<\/div>\n\t\t<\/section>\n\t\t\t\t<section class=\"elementor-section elementor-top-section elementor-element elementor-element-6399934 elementor-section-boxed elementor-section-height-default elementor-section-height-default\" data-id=\"6399934\" data-element_type=\"section\" data-e-type=\"section\">\n\t\t\t\t\t\t<div class=\"elementor-container elementor-column-gap-default\">\n\t\t\t\t\t<div class=\"elementor-column elementor-col-100 elementor-top-column elementor-element elementor-element-9926258\" data-id=\"9926258\" data-element_type=\"column\" data-e-type=\"column\">\n\t\t\t<div class=\"elementor-widget-wrap\">\n\t\t\t\t\t\t\t<\/div>\n\t\t<\/div>\n\t\t\t\t\t<\/div>\n\t\t<\/section>\n\t\t\t\t<\/div>\n\t\t","protected":false},"excerpt":{"rendered":"<p>\u00c5k p\u00e5 en konsertresa fr\u00e5n \u00c5bo till Sj\u00e4l\u00f6 torsdagen 3.7.2025 p\u00e5 M\/s Norrsk\u00e4r! P\u00e5 Nagu kammarmusikdagars konsert p\u00e5 Sj\u00e4l\u00f6 f\u00e5r vi detta \u00e5r njuta av den ljuvliga kombinationen av valthorn och violin. \u00a0Duon, som best\u00e5r av valthornisten Ilari Lahesmaa och violinisten Ruben Goesch, upptr\u00e4der med en ljuvlig konsert i idylliska omgivningar i Sj\u00e4l\u00f6s historiska kyrka.&hellip; <br \/> <a class=\"read-more\" href=\"https:\/\/www.nauvonkamarimusiikki.fi\/?page_id=4353&#038;lang=sv\">Read more<\/a><\/p>\n","protected":false},"author":1,"featured_media":0,"parent":0,"menu_order":0,"comment_status":"closed","ping_status":"closed","template":"","meta":{"footnotes":""},"class_list":["post-4353","page","type-page","status-publish","hentry"],"_links":{"self":[{"href":"https:\/\/www.nauvonkamarimusiikki.fi\/index.php?rest_route=\/wp\/v2\/pages\/4353","targetHints":{"allow":["GET"]}}],"collection":[{"href":"https:\/\/www.nauvonkamarimusiikki.fi\/index.php?rest_route=\/wp\/v2\/pages"}],"about":[{"href":"https:\/\/www.nauvonkamarimusiikki.fi\/index.php?rest_route=\/wp\/v2\/types\/page"}],"author":[{"embeddable":true,"href":"https:\/\/www.nauvonkamarimusiikki.fi\/index.php?rest_route=\/wp\/v2\/users\/1"}],"replies":[{"embeddable":true,"href":"https:\/\/www.nauvonkamarimusiikki.fi\/index.php?rest_route=%2Fwp%2Fv2%2Fcomments&post=4353"}],"version-history":[{"count":34,"href":"https:\/\/www.nauvonkamarimusiikki.fi\/index.php?rest_route=\/wp\/v2\/pages\/4353\/revisions"}],"predecessor-version":[{"id":6464,"href":"https:\/\/www.nauvonkamarimusiikki.fi\/index.php?rest_route=\/wp\/v2\/pages\/4353\/revisions\/6464"}],"wp:attachment":[{"href":"https:\/\/www.nauvonkamarimusiikki.fi\/index.php?rest_route=%2Fwp%2Fv2%2Fmedia&parent=4353"}],"curies":[{"name":"wp","href":"https:\/\/api.w.org\/{rel}","templated":true}]}}

Resa till Själö

<div data-elementor-type="wp-post" data-elementor-id="4353" class="elementor elementor-4353 elementor-2902">
						<section class="elementor-section elementor-top-section elementor-element elementor-element-1b2f4de elementor-section-boxed elementor-section-height-default elementor-section-height-default" data-id="1b2f4de" data-element_type="section" data-e-type="section">
						<div class="elementor-container elementor-column-gap-default">
					<div class="elementor-column elementor-col-100 elementor-top-column elementor-element elementor-element-f83cd61" data-id="f83cd61" data-element_type="column" data-e-type="column">
			<div class="elementor-widget-wrap elementor-element-populated">
						<div class="elementor-element elementor-element-d6ca1a6 elementor-widget elementor-widget-text-editor" data-id="d6ca1a6" data-element_type="widget" data-e-type="widget" data-widget_type="text-editor.default">
				<div class="elementor-widget-container">
									<h4><span style="color: #000000;">Åk på en konsertresa från Åbo till Själö torsdagen 3.7.2025 på M/s Norrskär!</span></h4><p>På Nagu kammarmusikdagars konsert på Själö får vi detta år njuta av den ljuvliga kombinationen av valthorn och violin.  Duon, som består av valthornisten Ilari Lahesmaa och violinisten Ruben Goesch, uppträder med en ljuvlig konsert i idylliska omgivningar i Själös historiska kyrka.</p><p><span style="color: #000000;">Konserten är ca. en timme lång. Under resan hinner du bekanta dig i Själös fängslande natur och historia samt njuta av öns restaurangtjänster.</span></p><p><span style="color: #000000;"><strong>Resans pris är 53/48€</strong>, innehåller båtresa och konsert.<br /></span><span style="color: #000000;"><strong> Reserverva din biljett</strong> genom att kontakta oss per mejl: <a href="mailto:info@nauvonkamarimusiikki.fi">info@nauvonkamarimusiikki.fi</a></span></p><p>Mera information om Själö (och andra förbindelsemöjligheter): <a href="https://www.visitseili.fi/sv/" target="_blank" rel="noopener">https://www.visitseili.fi/sv/</a><br />Närmare information om M/s Norrskär: <a href="https://vitharun.fi/sv/" target="_blank" rel="noopener">https://vitharun.fi/sv/</a></p><p><span style="color: #000000;"><strong>Tidtabell</strong>:</span><br /><span style="color: #000000;">kl 9.30 M/s Norrskär avgår från Åbo (Bryggan finns på västra sidan av Auraån, ca. 1,5km från Åbo centrum.)</span><br /><span style="color: #000000;">kl 11.15 båten anländer till Själö</span><br /><span style="color: #000000;">kl 13-14 konsert i Själö kyrka</span><br /><span style="color: #000000;">kl 16.30 båten avgår från Själö</span><br /><span style="color: #000000;">kl 18.15 båten anländer till Åbo.</span></p><p><span style="color: #000000;"> </span></p>								</div>
				</div>
				<div class="elementor-element elementor-element-4030754 elementor-widget elementor-widget-image" data-id="4030754" data-element_type="widget" data-e-type="widget" data-widget_type="image.default">
				<div class="elementor-widget-container">
															<img fetchpriority="high" decoding="async" width="768" height="614" src="https://www.nauvonkamarimusiikki.fi/wordpress/wp-content/uploads/2025/06/Artister-2024-3-768x614.png" class="attachment-medium_large size-medium_large wp-image-6453" alt="" srcset="https://www.nauvonkamarimusiikki.fi/wordpress/wp-content/uploads/2025/06/Artister-2024-3-768x614.png 768w, https://www.nauvonkamarimusiikki.fi/wordpress/wp-content/uploads/2025/06/Artister-2024-3-300x240.png 300w, https://www.nauvonkamarimusiikki.fi/wordpress/wp-content/uploads/2025/06/Artister-2024-3-1024x819.png 1024w, https://www.nauvonkamarimusiikki.fi/wordpress/wp-content/uploads/2025/06/Artister-2024-3-1536x1229.png 1536w, https://www.nauvonkamarimusiikki.fi/wordpress/wp-content/uploads/2025/06/Artister-2024-3-1350x1080.png 1350w, https://www.nauvonkamarimusiikki.fi/wordpress/wp-content/uploads/2025/06/Artister-2024-3.png 2000w" sizes="(max-width: 768px) 100vw, 768px" />															</div>
				</div>
					</div>
		</div>
					</div>
		</section>
				<section class="elementor-section elementor-top-section elementor-element elementor-element-6399934 elementor-section-boxed elementor-section-height-default elementor-section-height-default" data-id="6399934" data-element_type="section" data-e-type="section">
						<div class="elementor-container elementor-column-gap-default">
					<div class="elementor-column elementor-col-100 elementor-top-column elementor-element elementor-element-9926258" data-id="9926258" data-element_type="column" data-e-type="column">
			<div class="elementor-widget-wrap">
							</div>
		</div>
					</div>
		</section>
				</div>

<p>Åk på en konsertresa från Åbo till Själö torsdagen 3.7.2025 på M/s Norrskär! På Nagu kammarmusikdagars konsert på Själö får vi detta år njuta av den ljuvliga kombinationen av valthorn och violin.  Duon, som består av valthornisten Ilari Lahesmaa och violinisten Ruben Goesch, uppträder med en ljuvlig konsert i idylliska omgivningar i Själös historiska kyrka.&hellip; <br /> <a class="read-more" href="https://www.nauvonkamarimusiikki.fi/?page_id=4353&#038;lang=sv">Read more</a></p>
